-2 - -8).
4
What is the value of -3 - ((1 - -6) + (0 - 5))?
-5
(29 - 34) + 7 + -2
0
Calculate -4 - -1 - (0 + -8 - -5).
0
What is the value of 4 + (-1 - -5 - 6)?
2
Calculate 1 + 2 + -8 + 3 - 2.
-4
Evaluate (-11 - -22) + 1 + -8.
4
Evaluate 4 - (12 - 10) - 9.
-7
What is -10 - (-14 - -4) - (-4 - -1)?
3
(-1 - -3) + -1 + (1 - 7)
-5
Calculate (-4 - 4) + (6 - (6 + 2)).
-10
What is 0 + -3 - (3 + -1 + -2)?
-3
What is the value of -1 + -5 - -3 - -2?
-1
What is the value of -3 - (-1 + 2) - -2 - -8?
6
Evaluate -7 - (4 - 4 - 3).
-4
(1 + -1 + -1 - 1) + -3
-5
Calculate (-8 + 0 - (-4 + 0)) + 4.
0
5 + -10 + 10 + -3
2
What is the value of (-5 - -3) + 4 - (-2 + 4)?
0
Calculate (0 - 1) + 11 + -7.
3
Calculate (-1 - (-3 + 6)) + 0 + 1.
-3
Evaluate (3 - -4) + -5 - -1.
3
What is the value of (3 - 7) + -2 + 2?
-4
Evaluate 5 - (9 + -8) - (-6 + 0).
10
Calculate -3 + 1 - (-4 + (2 - 4)).
4
What is the value of 3 + (-11 - -12 - 4)?
0
Evaluate 3 - 4 - (1 - (2 + -1)).
-1
What is the value of -10 - (-3 + 10 + -19)?
2
What is the value of -1 + 3 + -1 - (6 + 0)?
-5
Evaluate 2 + -10 - (12 - (24 + -12)).
-8
(3 - 1) + 1 + (-2 - 1)
0
Evaluate -5 - -6 - (-3 + (-1 - -3)).
2
Calculate 4 + -7 + 2 + (-4 - -2).
-3
What is the value of (-3 - -1) + 1 - 1?
-2
What is the value of 8 + (-12 - (14 - 11))?
-7
Calculate 2 + (5 - -1) + -5 - 2.
1
Calculate -7 + (2 - (4 - 7 - -1)).
-3
What is 3 + (-2 - (8 - 2 - 2))?
-3
Evaluate 14 + -6 - (2 + 7).
-1
What is 1 + (2 - 1) + 1 + -3?
0
What is the value of -1 + (9 - 3) + -3?
2
Calculate -11 - (1 + -3) - -5.
-4
What is 12 + 1 + (0 - 8)?
5
What is the value of -5 + 13 + (9 - 5 - 9)?
3
What is 11 + -6 + 4 - 6?
3
Evaluate (-7 - (-7 + 4)) + 2 + -1.
-3
Calculate -1 - ((-1 - -9) + -15).
6
What is -9 - (-2 - (-3 + 6))?
-4
What is the value of 3 + (-19 + 16 - (2 - -6))?
-8
(1 - 3) + (10 - 9 - -1)
0
Evaluate (-2 - (-3 + 2)) + 2 + 6.
7
What is 1 + (-3 + -8 - -6)?
-4
-1 + -9 + 16 + -5
1
Evaluate -6 - (-2 + -3) - 2.
-3
Evaluate -5 + -3 - -2 - -11.
5
Calculate (-5 + -3 - -5) + 8.
5
Evaluate (12 - 5) + (-4 - 6).
-3
What is the value of -27 - -24 - (-3 - 1) - 6?
-5
Calculate 5 - (-4 + -1) - 8.
2
0 + (-3 + 5 - -1)
3
What is -1 - 0 - ((-4 - 3) + 5)?
1
Evaluate (1 - -3) + -8 - -1.
-3
Evaluate (-2 - (7 - 7)) + 8.
6
What is -1 + 0 + (-6 - (8 + -9))?
-6
What is the value of -6 + (0 - 1) + 3?
-4
Calculate 6 - 4 - (-3 + 8).
-3
Calculate -5 + -1 + 1 + 0.
-5
Evaluate (1 - (-2 - -4)) + 3.
2
What is 9 - (3 - -3 - 0)?
3
What is -1 - (3 + -10 + 4)?
2
Calculate (-7 - (2 - 4)) + -1 + 2.
-4
Evaluate -1 - (9 + -15 - 0).
5
Calculate -3 + -5 - (-9 - -3) - -3.
1
Calculate (-3 - -3 - 3) + 7.
4
Calculate 3 + -8 + 5 - -6.
6
Evaluate (-1 + 7 - 4) + -4.
-2
What is the value of -4 - ((4 - 10) + 0)?
2
Evaluate 3 + 5 + -4 - 2.
2
Calculate 4 + (17 - 11 - 4).
6
Calculate 0 + 0 + -1 - (89 - 99).
9
Evaluate 0 + 4 + 1 + -7.
-2
What is 0 + (-1 - (6 + -3 + 1))?
-5
Calculate -2 + 5 + (1 - (-2 - -4)).
2
Calculate 8 - (-3 + 11 - 0).
0
Evaluate -3 + -3 + 1 + 1.
-4
What is 2 - 2 - (-4 - (-3 + 3))?
4
(8 - (-4 + 12)) + -7
-7
Evaluate 10 + 1 + -7 + -10.
-6
What is the value of 3 + (5 - (1 + 3))?
4
5 - (2 + 2 + 0 - 5)
6
Calculate 12 + -5 + (-3 - (0 + 0)).
4
Calculate (11 - 1) + -37 + 33.
6
What is the value of -11 + (12 - -3) + -6?
-2
What is -2 + (-3 + 3 - 0)?
-2
Calculate -1 - -2 - (3 + -1).
-1
What is the value of -1 - 7 - (6 - (23 - 6))?
3
(1 - 2) + (-14 - -16) + 2
3
Calculate (-1 - (2 - -1)) + 5 - -4.
5
Evaluate 5 + (-5 + -2 - -2).
0
What is the value of -3 - (-5 + (0 - 2))?
4
What is the value of (-2 - 0) + -1 - (-6 + 1)?
2
1 + 1 + -6 - 0
-4
Evaluate (10 - (-2 + 11 + -5)) + -9.
-3
What is (-2 - (0 - 3)) + 0?
1
What is the value of (-6 - (-4 + 2)) + -5 + 9?
0
Calculate -7 + (-3 - -6) + 2.
-2
What is 1 + 0 + (-1 - (-11 + 11))?
0
-7 - (7 + (-9 - (3 + -5)))
-7
14 + -8 - ((-3 - -2) + 0)
7
What is the value of 1 - ((-5 - -1) + 1)?
4
-5 + 7 + -11 + -1 + 10
0
What is -3 - (-1 - -4 - (-17 - -18))?
-5
(1 - -1) + (-3 - (6 + -10))
3
Evaluate (0 - -6) + 46 + -49.
3
What is the value of 9 - 1 - (2 - 0)?
6
What is -3 + -3 + 8 + -4?
-2
Calculate (29 - 1) + -10 + -14.
4
(1 - 0) + (3 - (-6 - -6))
4
What is the value of (3 - (2 - 1)) + -87 + 85?
0
(-1 - -5) + -10 + 5 + -5
-6
Calculate -11 - -1 - (-17 + (11 - -4)).
-8
Evaluate (2 - 2) + -8 + 14 + -1.
5
2 + 0 - 0 - (-73 + 70)
5
(-2 - (-1 + -6)) + -1
4
What is -6 - (-11 + 14 + -8)?
-1
-9 + 0 + (6 - 2)
-5
What is -2 + -1 + (6 - 6 - -8)?
5
3 + -4 + (-2 - 2 - -8)
3
Evaluate 12 + -14 - (0 + -2).
0
What is (1 - (6 - 6)) + (0 - -2)?
3
Evaluate -4 + (-1 - -4) - (-5 - -9).
-5
What is the value of 8 - 0 - (36 - 29)?
1
What is 6 + -1 + -2 + 0 + -1?
2
What is the value of 36 + -45 + 5 + 0?
-4
What is the value of -4 + -2 + (0 - -4)?
-2
What is -11 - (-30 - -14) - 11?
-6
Evaluate 0 + (14 + 3 - 10).
7
Evaluate -6 - -15 - 0 - 7.
2
Evaluate 0 + 0 + 8 + -4.
4
What is the value of (9 - 8) + 0 + -4?
-3
Calculate (93 - 94) + 11 + -1.
9
1 - -2 - (21 - 11)
-7
Evaluate -3 + 1 + 4 - -3.
5
What is the value of -5 - -10 - (-1 + 5)?
1
(-16 - -12) + -3 + 1 - -2
-4
Evaluate -1 - 1 - (4 - 8 - 3).
5
11 + -5 + (-4 - 1)
1
What is 4 + (-1 - (3 - 0))?
0
Calculate (-5 - 0) + -14 + 15.
-4
What is the value of 0 - -2 - (-20 - (-33 + 20))?
9
What is -7 + 12 - 3 - 4?
-2
What is 3 - (-4 + 6 + 1 + -2)?
2
(2 - 8) + 12 + -8
-2
What is -7 - -18 - (2 - -5)?
4
What is -5 + 5 + 4 + 1?
5
Calculate -3 + -1 + 16 + -9 + 1.
4
What is the value of 3 - (1 - -4) - 0?
-2
What is -1 - (0 - (-6 + 2))?
-5
Evaluate -1 - -7 - (-9 + 28 + -14).
1
Calculate -3 + 4 - -1 - -1.
3
What is the value of 1 + 4 + (-3 + -3 - 2)?
-3
Evaluate (-12 - -8) + (1 - 0).
-3
What is -9 - -4 - 3 - -3?
-5
-3 + (10 - (3 - -1)) - 2
1
10 - (10 + (2 - 1))
-1
Calculate -1 + (0 - -2) + 99 + -91.
9
What is 13 - (-5 - -15) - -2?
5
What is the value of 2 + -2 + -4 + (10 - 1)?
5
What is 6 - (6 - (3 + (6 - 7)))?
2
Calculate 7 + (4 - 7) + 1.
5
What is -2 + 4 + 1 - (2 - -2)?
-1
Calculate -2 + (-2 + -2 + -1 - -8).
1
What is 19 + -3 + -6 + -9?
1
What is -1 + 1 - 2 - -6?
4
8 - (9 + -1 + -2) - 7
-5
What is 2 + -2 - (0 - (1 + -1))?
0
What is the value of -6 - (5 + -9 - 0)?
-2
What is the value of 1 - (5 + -18 + (0 - -6))?
8
-12 + 21 - (-5 - -9)
5
Calculate 9 - 17 - (6 - 6).
-8
What is the value of 9 - (6 - (5 + -3))?
5
What is (0 - 0) + 1 + (-4 - -8)?
5
-1 - 0 - (6 - (10 - -1))
4
Evaluate 0 - 6 - (7 - 18).
5
Evaluate 3 - (10 - 4) - -1 - -3.
1
What is the value of 6 + -10 + -3 - (-9 + 7)?
-5
-6 + 6 + 2 - (-3 + 1)
4
-1 + 6 - -2 - 17
-10
What is the value of 3 + -3 - -1 - (2 - 2)?
1
Calculate (47 - 53) + (2 - (-4 - 0)).
0
Calculate -1 + -2 + 1 + 1.
-1
Evaluate (1 - -3) + (-3 - 0).
1
5 + 6 + -12 + 2
1
Evaluate 0 - (4 + -3 + 5 + -4).
-2
What is the value of -7 + 11 - (2 - 0)?
2
What is the value of -3 - -1 - (6 - 6) - -3?
1
Evaluate -3 - ((3 - (-2 + 6)) + -2).
0
Calculate 10 + -18 + 11 + -4 + -1.
-2
Evaluate (-5 - -7) + (2 - (1 + 1)).
2
What is 3 - (5 - (-3 - -3))?
-2
What is the value of 0 + -6 - (-5 - 2)?
1
-3 - (-2 + (5 - 0) - 9)
3
What is 1 + (5 - 4) - (0 + 0)?
2
What is 3 + (-5 - -4) + -1 - -3?
4
What is the value of -2 + 0 + (4 - 4)?
-2
What is -5 + 1 + -4 - -4?
-4
What is the value of -13 + 17 + (-5 - 0)?
-1
Evaluate 0 - ((2 - 6) + 2).
2
What is the value of -1 + 14 + -4 + -5 - 0?
4
Calculate 3 + -10 + (6 - 2) - -4.
1
What is 6 + (6 - 4 - 4)?
4
What is -5 + 6 + 4 + -2?
3
Evaluate 3 - (0 - 1) - 0.
4
Evaluate (-5 - -13) + -11 - (-6 - -1).
2
Evaluate 0 - (1 - (1 - (-4 - -2))).
2
Calculate -1 + (-1 - 3) + -2 + 6.
-1
What is (3 - 10) + -13 + 20 - 5?
-5
Evaluate 0 - (2 + 2 + -2 + 0).
-2
Evaluate -25 + 11 + 6 - -12.
4
Calculate (1 - (3 + -3)) + -4 + 4.
1
Evaluate -1 + 3 + -5 + -2 + 1.
-4
What is (-5 - 1) + -5 + 7?
-4
What is the value of -2 + -1 - (-12 + 10)?
-1
What is the value of 4 + 1 - (5 + -3)?
3
What is -8 - (-3 + 2) - -1?
-6
What is 9 + -14 + (1 - -8)?
4
What is the value of -3 + 2 + 9 - (4 + 0)?
4
Calculate -2 + -2 + (-3 - (1 + -12)).
4
Evaluate -2 - -1 - (12 - 11).
-2
What is (-20 - -23) + (1 - 6)?
-2
Calculate 1 + (-1 - -2) - 5.
-3
What is the value of -1 + -1 + 6 + 5 + -11?
-2
Evaluate -4 - (-5 + 12 - 10).
-1
What is -11 + (-2 - (6 - 7) - -6)?
-6
Evaluate 1 - (-1 - (-4 - -4)) - 5.
-3
Evaluate -9 - (-9 + 4 + -6).
2
What is the value of 5 + 1 + -4 + 3?
5
What is -5 + -3 +